k - 56676. What is z(308)?
-4
Let q(x) = -3*x**2 + 40*x - 183. Calculate q(4).
-71
Let v(c) = c**3 - 32*c**2 + 120*c - 26. Determine v(26).
-962
Let v(i) = 98*i**2 + 1178*i + 1973. Determine v(-10).
-7
Let g(t) = 2*t**2 + 44420*t - 711159. Give g(16).
73
Let t(g) = -g**3 + 1723*g**2 - 35592*g - 3156. What is t(21)?
-6
Let j(t) = -t**3 - 27*t**2 + 163*t - 145. Determine j(-32).
-241
Let m(r) = -30696*r**2 + 153488*r - 12. Determine m(5).
28
Let t(u) = -7127*u - 42744. Give t(-6).
18
Let x(o) = o**2 - 103*o + 1163. What is x(88)?
-157
Let d(k) = 11018*k + 131982. Calculate d(-12).
-234
Let o(c) = -4*c**3 - 31*c**2 - 42*c - 426. What is o(-8)?
-26
Let y(q) = -q**3 - 70*q**2 - 938*q - 48. Determine y(-52).
56
Let o(h) = 123*h**2 + 5136*h - 28754. Determine o(5).
1
Let b(m) = -m**3 + 48*m**2 + 29*m - 318. Determine b(49).
-1298
Let c(b) = 105*b**3 + 26*b**2 - 12*b + 8. Give c(-3).
-2557
Let l(q) = q**3 - 69*q**2 - 1172*q - 146. Calculate l(-14).
-6
Let x(n) = -6*n**2 + 4463*n - 619944. Determine x(559).
-13
Let s(c) = 145325*c - 581283. Give s(4).
17
Let o(f) = -77*f**2 + 7251*f + 61523. What is o(102)?
17
Let q(a) = 3*a**2 + 8*a + 508. What is q(-14)?
984
Let u(z) = -3*z**2 - 231*z + 117369. Give u(163).
9
Let m(d) = 34666*d + 69190. Give m(-2).
-142
Let g(w) = 1888*w**2 - 39665*w + 22. Calculate g(21).
-335
Let j(a) = a**2 + 3829*a + 2197536. What is j(-703)?
-42
Let q(v) = -3*v**3 - 3993*v**2 - 11931*v + 27883. Calculate q(-1328).
-5
Let d(x) = -35*x**2 + 2308*x + 190. Give d(66).
58
Let k(l) = -391*l - 5599. What is k(-12)?
-907
Let y(i) = -14526*i - 494002. Give y(-34).
-118
Let x(a) = -269*a - 427. Determine x(0).
-427
Let a(l) = 30*l**2 - 22*l - 23. Determine a(-4).
545
Let r(l) = -2654*l + 9812. Give r(4).
-804
Let w(i) = i**3 + 79*i**2 - 186*i - 1791. Calculate w(-81).
153
Let u(z) = 249*z**2 - 1246*z + 2. What is u(5)?
-3
Let k(v) = 9*v**3 + 146*v**2 + 101*v - 7. What is k(-16)?
-1111
Let d(f) = -9*f**3 + 110*f**2 + 85*f + 54. What is d(13)?
-24
Let m(l) = 19*l**2 + 5334*l + 66136. Calculate m(-13).
5
Let p(h) = -95*h**2 - 95*h - 411. What is p(-4)?
-1551
Let y(a) = -3*a**3 + 269*a**2 - 700*a + 388. What is y(87)?
40
Let p(b) = -621*b**2 - 7449*b + 43. What is p(-12)?
7
Let i(j) = 6643*j - 53143. Determine i(8).
1
Let w(a) = -1992*a - 205229. What is w(-103)?
-53
Let m(s) = -s**2 - 142*s - 1737. Give m(-14).
55
Let j(m) = 14*m**2 - 1812*m - 1926. Calculate j(130).
-886
Let m(g) = -1516479*g - 10615354. Determine m(-7).
-1
Let b(d) = d**3 + 8*d**2 + 143*d + 1178. Calculate b(-8).
34
Let n(r) = -95662*r + 1913285. What is n(20)?
45
Let q(t) = -2*t**2 - 623*t - 4221. What is q(-7)?
42
Let k(s) = -20*s**2 - 3423*s + 32434. Give k(9).
7
Let u(t) = t**3 - 616*t**2 + 1896*t - 34667. Determine u(613).
274
Let h(o) = 180820*o - 1808211. What is h(10)?
-11
Let g(p) = 113*p**2 + 3478*p - 773. Determine g(-31).
2
Let o(m) = 37*m**3 + 147*m**2 + 3*m + 17. Calculate o(-4).
-11
Let q(w) = 26*w**3 - 5*w**2 - 3*w + 26. Calculate q(-4).
-1706
Let a(d) = -1476225*d - 31000725. Give a(-21).
0
Let w(z) = 59*z**2 - 217*z + 4. Calculate w(5).
394
Let v(k) = -12*k**2 - 1953*k - 5747. Calculate v(-160).
-467
Let j(l) = 5*l**2 - 345*l + 195. What is j(67)?
-475
Let v(r) = r**3 - 26*r**2 + 131*r + 389. Give v(13).
-105
Let c(u) = 5*u**2 + 218*u - 75. Calculate c(-38).
-1139
Let x(f) = 9740*f + 175309. Determine x(-18).
-11
Let j(v) = v**2 - 766*v - 114440. What is j(894)?
-8
Let z(o) = o**3 + 11*o**2 - 8057*o - 142725. Determine z(-18).
33
Let u(i) = i**3 + 26*i**2 - 2235*i + 108. What is u(36)?
0
Let d(i) = 122*i - 10614. What is d(87)?
0
Let l(d) = d**2 - 37*d + 705. Determine l(39).
783
Let k(i) = -19*i**2 - 736*i + 51710. Calculate k(-75).
35
Let u(b) = 1613*b + 335898. Calculate u(-208).
394
Let f(o) = -5810*o - 289862. Calculate f(-50).
638
Let b(h) = 5*h**3 + 53*h**2 - 215*h - 1567. Determine b(-12).
5
Let n(h) = h**3 - 58*h**2 - 1728*h - 28794. Calculate n(83).
7
Let a(v) = 25*v + 2482. Determine a(-107).
-193
Let m(k) = 1487*k**2 + 8914*k - 16. Give m(-6).
32
Let o(l) = -l**3 - 152*l**2 + 315*l + 585. What is o(-154)?
-493
Let g(r) = 8*r**2 - 233*r + 1701. What is g(16)?
21
Let d(o) = 4*o**3 + 1103*o**2 - 12598*o - 16. Calculate d(11).
193
Let h(i) = -8*i**2 + 692*i - 10810. Give h(66).
14
Let n(x) = 6*x**3 + 261*x**2 + 129*x + 18. Give n(-43).
18
Let r(j) = -3*j**2 - 715*j - 36621. Calculate r(-164).
-49
Let z(m) = -2*m**2 - 3*m + 1400. What is z(35)?
-1155
Let n(a) = -2*a**2 - 3858*a - 30789. Calculate n(-8).
-53
Let h(p) = 38*p**2 - 620*p + 2568. Give h(4).
696
Let f(k) = -350*k**2 - 5594*k + 88. Calculate f(-16).
-8
Let i(j) = -13*j - 7569. Determine i(-584).
23
Let b(x) = -124777*x + 24331524. Calculate b(195).
9
Let f(k) = 261*k - 85884. What is f(328)?
-276
Let f(s) = -13*s**2 - 11*s + 94. Determine f(-3).
10
Let g(i) = -2*i**3 - 809*i**2 + 2038*i + 1219. Calculate g(-407).
-2
Let k(c) = c**3 - 28*c**2 + 44*c + 212. Determine k(26).
4
Let f(c) = 2*c**2 + 299*c + 8280. Determine f(-113).
31
Let c(s) = -2*s**2 + 58*s + 388. Determine c(-10).
-392
Let x(u) = -1162*u + 384691. What is x(331)?
69
Let f(i) = 66*i**2 - 138*i - 85. Determine f(-6).
3119
Let c(p) = 99*p**2 - 5834*p - 388. Determine c(59).
25
Let a(d) = 100*d**3 - 2*d**2 + 346. What is a(0)?
346
Let n(u) = 320*u**2 - 2372*u - 4. What is n(7)?
-928
Let k(l) = 309*l**3 - 6*l**2 - 49*l - 87. Give k(-2).
-2485
Let y(j) = -10*j**2 - 1295*j - 15544. Calculate y(-12).
-1444
Let a(p) = 2*p**3 + 6*p**2 - 47*p - 83. Calculate a(-2).
19
Let b(f) = f**2 + 3354*f + 83160. Give b(-25).
-65
Let l(o) = 6898*o - 1131276. Determine l(164).
-4
Let m(w) = -32951*w - 1911150. Give m(-58).
8
Let i(a) = -5*a**3 + 52*a**2 + 361*a - 17. Determine i(-6).
769
Let q(n) = -1022867*n - 27617401. Calculate q(-27).
8
Let a(q) = -17*q**3 + 134*q**2 - 5476*q + 43939. Calculate a(8).
3
Let c(b) = -7604*b + 45584. Give c(6).
-40
Let n(p) = 1323*p + 7482. What is n(-7)?
-1779
Let j(h) = -3*h**2 - 200*h - 2946. What is j(-42)?
162
Let u(y) = -2*y**2 - 485*y + 15459. Calculate u(-271).
12
Let a(q) = -61*q**2 + 296*q + 898. Give a(-3).
-539
Let y(v) = -53*v**2 - 7634*v - 294. Calculate y(-144).
-6
Let w(l) = 2*l**3 - 5*l**2 - 2*l - 230. Give w(0).
-230
Let r(h) = -17*h + 1476. Determine r(38).
830
Let l(k) = 19*k**2 + 2559*k + 9174. Calculate l(-131).
4
Let k(a) = 2*a**3 - 40*a**2 + 7*a - 318. Determine k(21).
711
Let g(f) = -f**3 + 79*f**2 - 1022*f - 15426. Determine g(32).
-2
Let w(s) = -s**3 + 682*s**2 - 684*s + 2057. Give w(681).
14
Let f(h) = 230*h**2 + 1877*h + 312. Calculate f(-8).
16
Let u(a) = -4*a**3 - 8*a**2 - 168*a + 360. Determine u(2).
-40
Let h(n) = n**3 + 150*n**2 + 711*n - 2085. Give h(-145).
-55
Let u(n) = -380*n - 184665. What is u(-486)?
15
Let t(x) = 5*x**2 + 759*x + 10258. What is t(-15)?
-2
Let z(r) = 519674*r + 3637679. Calculate z(-7).
-39
Let o(a) = 169082*a - 845415. What is o(5)?
-5
Let c(b) = b**3 - 41*b**2 + 327*b - 462. Give c(31).
65
Let r(t) = 19*t**2 - 529*t + 475. Determine r(27).
43
Let o(s) = 11*s**2 - 2201*s + 32378. Give o(16).
-22
Let g(y) = -y**2 + 11507*y + 369266. Calculate g(-32).
18
Let d(n) = -191*n**3 - 18*n**2 + 675*n + 676. What is d(-1)?
174
Let w(b) = -10*b**2 + 153*b - 274. What is w(13)?
25
Let z(o) = -129*o + 5070. Give z(35).
555
Let a(m) = -2*m**3 - 63*m**2 + 64*m + 247. Give a(-32).
-777
Let c(b) = -34031*b - 67832. Give c(-2).
230
Let t(q) = -2806*q - 111. Determine t(0).
-111
Let l(i) = i**2 + 68*i - 10552. What is l(74)?
-44
Let k(z) = -1344891*z + 8069347. What is k(6)?
1
Let y(m) = -3*m**3 - 20*m**2 - 26*m - 15. Determine y(-5).
-10
Let b(d) = 73*d**3 + 3142*d**2 + 139*d + 422. Give b(-43).
-8
Let a(y) = 373*y - 28315. Calculate a(76).
33
Let m(x) = -89*x + 4611. What is m(52)?
-17
Let q(n) = 9*n**3 - 50*n**2 + 161*n + 4. Calculate q(4).
424
Let h(o) = o**3 - 44*o**2 + 1298*o - 63780. Give h(46).
160
Let n(u) = -10547*u - 348049. Determine n(-33).
2
Let c(t) = 3069*t**3 - 417*t**2 + 417*t. Give c(1).
3069
Let q(j) = j**2 + 298*j - 4769. Calculate q(15).
-74
Let j(t) = -65*t + 6698. Calculate j(102).
68
Let n(v) = 1688*v + 205957. What is n(-122)?
21
Let r(o) = -1785*o + 22864. Determine r(12).
1444
Let o(x) = 5*x**3 + 4*x**2 + 1561*x - 4805. Give o(3).
49
Let f(r) =